{"id":5,"date":"2007-10-30T19:39:34","date_gmt":"2007-10-30T18:39:34","guid":{"rendered":"http:\/\/www.schachclub-oberwinden.de\/wp3\/presse\/"},"modified":"2016-07-22T11:37:13","modified_gmt":"2016-07-22T09:37:13","slug":"presse","status":"publish","type":"page","link":"https:\/\/www.schachclub-oberwinden.de\/wp3\/presse\/","title":{"rendered":"Presse"},"content":{"rendered":"<h3>Badische Zeitung<\/h3>\n<p><a href=\"http:\/\/www.badische-zeitung.de\/winden\/erfolgreiche-oberwindener-denksportler--125194626.html\"><span style=\"color: #0000ff;\"><span style=\"color: #808080;\"><strong>Erfolgreiche Oberwindener Denksportler<\/strong><\/span><br \/>\n<\/span><\/a>Generalversammlung 2016<br \/>\n<strong>(Badische Zeitung, 22.07.16)<\/strong><\/p>\n<p><a href=\"https:\/\/www.google.com\/url?q=http:\/\/www.badische-zeitung.de\/winden\/jetzt-freut-sich-der-schachclub-sehr-auf-das-dorffest--109134508.html&amp;sa=U&amp;ved=0CAgQFjABahUKEwiV5YrzpvzHAhUSBZIKHb3ND-k&amp;client=internal-uds-cse&amp;usg=AFQjCNGxwH1ni3HQhV1XKRL0ty_0bLmyAw\" target=\"_blank\"><strong>Jetzt freut sich der Schachclub sehr auf das Dorffest<\/strong><\/a><br \/>\nGeneralversammlung 2015<br \/>\n<strong>(Badische Zeitung, 05.08.15)<\/strong><\/p>\n<p><a href=\"http:\/\/www.badische-zeitung.de\/winden\/im-team-geht-s-noch-weiter\" target=\"_blank\"><strong>Im Team geht\u2019s noch weiter<\/strong><\/a><br \/>\nOberligaaufstieg 2014\/15<br \/>\n<strong>(Badische Zeitung, 18.06.15)<\/strong><\/p>\n<p><a href=\"https:\/\/www.google.com\/url?q=http:\/\/www.badische-zeitung.de\/winden\/fuenf-mannschaften-geniessen-schach-in-vielen-zuegen--88073063.html&amp;sa=U&amp;ved=0CBEQFjAEahUKEwiV5YrzpvzHAhUSBZIKHb3ND-k&amp;client=internal-uds-cse&amp;usg=AFQjCNGmmVzFuR70edTRZ8V3HKc5UhJf4Q\" target=\"_blank\"><strong>F\u00fcnf Mannschaften genie\u00dfen Schach in vielen Z\u00fcgen<\/strong><\/a><br \/>\nGeneralversammlung 2014<br \/>\n<strong>(Badische Zeitung, 29.07.14)<\/strong><\/p>\n<p><a href=\"https:\/\/www.google.com\/url?q=http:\/\/www.badische-zeitung.de\/winden\/beifall-fuer-oberwindens-spasski--61779258.html&amp;sa=U&amp;ved=0CAgQFjABOApqFQoTCN2s7--j_McCFVMakgodF1oMpQ&amp;client=internal-uds-cse&amp;usg=AFQjCNF_LF71fsaqf_ccXYVcSUPq_8Mr0Q\" target=\"_blank\"><strong>Beifall f\u00fcr Oberwindens &#8222;Spasski&#8220;<\/strong><\/a><br \/>\nGeneralversammlung 2012<br \/>\n<strong>(Badische Zeitung, 18.07.12)<\/strong><\/p>\n<p><a href=\"https:\/\/www.google.com\/url?q=http:\/\/www.badische-zeitung.de\/winden\/uebung-macht-matt--60275974.html&amp;sa=U&amp;ved=0CAsQFjACOApqFQoTCPui7Zej_McCFQ5_kgodu5UDUA&amp;client=internal-uds-cse&amp;usg=AFQjCNFrbDiRy_Gfnic9Jj8556BzGCum0A\" target=\"_blank\"><strong>\u00dcbung macht &#8222;matt&#8220;<\/strong><\/a><br \/>\nJugendturnier 2012<br \/>\n<strong>(Badische Zeitung 05.06.2012)<\/strong><\/p>\n<p><a href=\"https:\/\/www.google.com\/url?q=http:\/\/www.badische-zeitung.de\/winden\/der-schachclub-steigt-in-die-oberliga-auf--46390836.html&amp;sa=U&amp;ved=0CBMQFjAFOApqFQoTCJPq1Nmh_McCFQEQkgod-noMCg&amp;client=internal-uds-cse&amp;usg=AFQjCNHUBpr0lHmN7NnEmg5Ylv4hDjfMNQ\" target=\"_blank\"><strong>Der Schachclub steigt in die Oberliga auf<\/strong><\/a><br \/>\nOberligaaufstieg Saison 2010\/11<br \/>\n<strong>(Badische Zeitung, 16.06.11)<\/strong><\/p>\n<p><a href=\"https:\/\/www.google.com\/url?q=http:\/\/www.badische-zeitung.de\/winden\/der-aelteste-meisterspieler-ist-schon-ueber-80--44960565.html&amp;sa=U&amp;ved=0CBYQFjAGOApqFQoTCJudh8Wg_McCFc6Akgod0QQOuw&amp;client=internal-uds-cse&amp;usg=AFQjCNGk3Zvb5HwjwHlwjIOTmeYmTa9zgQ\" target=\"_blank\"><strong>Der \u00e4lteste Meisterspieler ist schon \u00fcber 80<\/strong><\/a><br \/>\nSaison 2010\/11<br \/>\n<strong>(Badische Zeitung, 06.05.11)<\/strong><\/p>\n<p><a href=\"https:\/\/www.google.com\/url?q=http:\/\/www.badische-zeitung.de\/winden\/ein-denksport-der-viele-faehigkeiten-foerdert-sogar-schulleistungen--37603078.html&amp;sa=U&amp;ved=0CBAQFjAEOApqFQoTCKiCivmh_McCFYg9kgodD1kOXw&amp;client=internal-uds-cse&amp;usg=AFQjCNHwmcJq88Mg-1Sgm2a4Ox8KiLCZtw\" target=\"_blank\"><strong>Ein Denksport, der viele F\u00e4higkeiten f\u00f6rdert, sogar Schulleistungen<\/strong><\/a><br \/>\nSchach-Anf\u00e4ngerkurs 2010\/11<br \/>\n<strong>(Badische Zeitung, 11.11.2010)<\/strong><\/p>\n<p><strong><a href=\"https:\/\/www.google.com\/url?q=http:\/\/www.badische-zeitung.de\/winden\/zehn-jahre-elf-aufstiege--33890389.html&amp;sa=U&amp;ved=0CBkQFjAHOApqFQoTCLKKjJug_McCFUd8kgodjJkPzA&amp;client=internal-uds-cse&amp;usg=AFQjCNGTNjGXlLVLLXElcQcIGdOtdMwG7g\" target=\"_blank\">Zehn Jahre \u2013 elf Aufstiege<\/a><\/strong><br \/>\nGeneralversammlung 2010<br \/>\n<strong>(Badische Zeitung, 04.08.10)<\/strong><\/p>\n<p><strong><a href=\"https:\/\/www.google.com\/url?q=http:\/\/www.badische-zeitung.de\/winden\/der-schachclub-winden-steht-sportlich-gut-da--17204535.html&amp;sa=U&amp;ved=0CAUQFjAAOBRqFQoTCOCZ96ie_McCFYiLkgodxjcLug&amp;client=internal-uds-cse&amp;usg=AFQjCNE3BwHEXsE9kB14U33pBp9ReFy9NA\" target=\"_blank\">Der Schachclub Winden steht sportlich gut da<\/a><a href=\"https:\/\/www.google.com\/url?q=http:\/\/www.badische-zeitung.de\/winden\/der-schachclub-winden-steht-sportlich-gut-da--17204535.html&amp;sa=U&amp;ved=0CAUQFjAAOBRqFQoTCOCZ96ie_McCFYiLkgodxjcLug&amp;client=internal-uds-cse&amp;usg=AFQjCNE3BwHEXsE9kB14U33pBp9ReFy9NA\" target=\"_blank\"><br \/>\n<\/a><\/strong>Generalversammlung 2009<br \/>\n<strong>(Badische Zeitung, 17.07.09)<\/strong><\/p>\n<p><strong><a href=\"https:\/\/www.google.com\/url?q=http:\/\/www.badische-zeitung.de\/winden\/am-schachbrett-klapptund-8217-s--3203988.html&amp;sa=U&amp;ved=0CBwQFjAIOApqFQoTCOONgsmf_McCFQoMkgod6DQITg&amp;client=internal-uds-cse&amp;usg=AFQjCNFQ-7OwMeEG1ffMuEvKnUGRweog7g\" target=\"_blank\">Am Schachbrett klappt\u2019s<\/a><\/strong><br \/>\nGeneralversammlung 2008<br \/>\n<strong>(Badische Zeitung, 03.07.08)<\/strong><\/p>\n<p><a title=\"BZ, 22.07.06\" href=\"http:\/\/www.schachclub-oberwinden.de\/download\/BZ_BSK2007.pdf\" target=\"_blank\"><strong>Das wird unser gr\u00f6\u00dfter Kraftakt<\/strong><\/a><br \/>\nBadischer Schachkongress 2007<br \/>\n<strong>(Badische Zeitung, 22.07.06)<\/strong><\/p>\n<p><a title=\"BZ, 18.07.06\" href=\"http:\/\/www.schachclub-oberwinden.de\/download\/BZ_Generalversammlung_2006.pdf\" target=\"_blank\"><strong>Hoffnung auf gro\u00dfen Aufschwung 2007<\/strong><\/a><br \/>\nGeneralversammlung 2006<br \/>\n<strong>(Badische Zeitung, 18.07.06)<\/strong><\/p>\n<p><strong><a title=\"BZ, 11.07.05\" href=\"http:\/\/www.schachclub-oberwinden.de\/download\/bz050711a.pdf\" target=\"_blank\">Der Schachclub hat nun auch einen F\u00f6rderverein<\/a><br \/>\n<\/strong>F\u00f6rderverein<br \/>\n<strong>(Badische Zeitung, 11.07.05)<\/strong><br \/>\n<strong><br \/>\n<a title=\"BZ, 11.07.05\" href=\"http:\/\/www.schachclub-oberwinden.de\/download\/bz050711.pdf\" target=\"_blank\">Zwei gro\u00dfe Schachtermine in Winden<\/a><\/strong><br \/>\nGeneralversammlung 2005<br \/>\n<strong>(Badische Zeitung, 11.07.05)<\/strong><\/p>\n<p><a title=\"BZ, 01.07.04\" href=\"http:\/\/www.schachclub-oberwinden.de\/download\/bz040701.pdf\" target=\"_blank\"><strong>Kameradschaft steht f\u00fcr Erfolg<\/strong><\/a><br \/>\nGeneralversammlung 2004<br \/>\n<strong>(Badische Zeitung, 01.07.04)<\/strong><\/p>\n<p><a title=\"BZ, 03.05.04\" href=\"http:\/\/www.schachclub-oberwinden.de\/download\/bz040503.pdf\" target=\"_blank\"><strong>Noch nie so weit oben wie jetzt<\/strong><\/a><br \/>\nDer Schachclub Oberwinden steigt in die Verbandsliga auf<br \/>\n<strong>(Badische Zeitung, 03.05.04)<\/strong><br \/>\n<a title=\"BZ, 27.01.04\" href=\"http:\/\/www.schachclub-oberwinden.de\/download\/bz040127.pdf\" target=\"_blank\"><br \/>\n<strong>Schachclub hat 2007 viel vor<\/strong><\/a><br \/>\nDer Schachclub Oberwinden feiert im Jahr 2007 sein 50-j\u00e4hriges Bestehen. Zu diesem Jubil\u00e4um soll der Badische Schachkongress in Oberwinden ausgerichtet werden.<br \/>\n<strong>(Badische Zeitung, 27.01.04)<\/strong><\/p>\n<p><strong><a title=\"BZ, 24.09.03\" href=\"http:\/\/www.schachclub-oberwinden.de\/download\/bz030924.pdf\" target=\"_blank\">Ein K\u00f6nig des Schachs ist nicht matt zusetzen<\/a><\/strong><br \/>\nDer Schachclub aus Winden startet in die neue Saison \/ Schachtrainer Henryk Dobosz sorgt f\u00fcr Zuwachs und Begeisterung <strong><br \/>\n(Badische Zeitung, 24.09.03)<\/strong><\/p>\n<p>&#8212;<\/p>\n<h3>Elzt\u00e4ler Wochenbericht<\/h3>\n<p><strong>&#8211; Saison 2005\/2006:<\/strong><\/p>\n<p><a href=\"http:\/\/www.schachclub-oberwinden.de\/download\/Bericht8R506.pdf\" target=\"_blank\"><strong> 8. Spieltag der Saison 2005\/2006 (Elzt\u00e4ler Wochenbericht, April 2006)<\/strong><\/a><br \/>\n<a href=\"http:\/\/www.schachclub-oberwinden.de\/download\/Bericht7R506.pdf\" target=\"_blank\"><strong> 7. Spieltag der Saison 2005\/2006 (Elzt\u00e4ler Wochenbericht, April 2006)<\/strong><\/a><br \/>\n<a href=\"http:\/\/www.schachclub-oberwinden.de\/download\/Bericht6R506.pdf\" target=\"_blank\"><strong> 6. Spieltag 1. Mannschaft, Saison 2005\/2006 (Elzt\u00e4ler Wochenbericht, M\u00e4rz 2006)<\/strong><\/a><br \/>\n<a href=\"http:\/\/www.schachclub-oberwinden.de\/download\/Bericht4R506.pdf\" target=\"_blank\"><strong> 4. Spieltag der Saison 2005\/2006 (Elzt\u00e4ler Wochenbericht, Januar 2006)<\/strong><\/a><br \/>\n<a href=\"http:\/\/www.schachclub-oberwinden.de\/download\/Bericht3R506.pdf\" target=\"_blank\"><strong> 3. Spieltag der Saison 2005\/2006 (Elzt\u00e4ler Wochenbericht, Dezember 2005)<\/strong><\/a><\/p>\n<p><strong>&#8211; Saison 2004\/2005:<\/strong><\/p>\n<p><a href=\"http:\/\/www.schachclub-oberwinden.de\/download\/Bericht6R405.pdf\" target=\"_blank\"><strong> 6. Spieltag der 1. Mannschaft (Elzt\u00e4ler Wochenbericht, Februar 2005)<\/strong><\/a><br \/>\n<a href=\"http:\/\/www.schachclub-oberwinden.de\/download\/Bericht_HZ0405.pdf\" target=\"_blank\"><strong> 1. Halbzeit der Saison 2004\/2005 (Elzt\u00e4ler Wochenbericht, Januar 2005)<\/strong><\/a><br \/>\n<a href=\"http:\/\/www.schachclub-oberwinden.de\/download\/Bericht2R0405.pdf\" target=\"_blank\"><strong>2. Spieltag der Verbandsrunde 04\/05 (Elzt\u00e4ler Wochenbericht, November 2004)<\/strong><\/a><br \/>\n<a href=\"http:\/\/www.schachclub-oberwinden.de\/download\/Bericht1R0405.pdf\" target=\"_blank\"><strong>1. Spieltag der Verbandsrunde 04\/05 (Elzt\u00e4ler Wochenbericht, Oktober 2004)<\/strong><\/a><br \/>\n<a href=\"http:\/\/www.schachclub-oberwinden.de\/download\/vorbericht_0405.pdf\" target=\"_blank\"><strong> Vorbericht auf die Saison 04\/05 (Elzt\u00e4ler Wochenbericht, Oktober 2004)<\/strong><\/a><\/p>\n<p><strong>&#8211; Saison 2003\/2004:<\/strong><\/p>\n<p><a href=\"http:\/\/www.schachclub-oberwinden.de\/download\/mkt-040506.pdf\" target=\"_blank\"><strong>Gr\u00f6\u00dfter Erfolg der Vereinsgeschichte (Elzt\u00e4ler Wochenbericht, 6. Mail 2004)<\/strong><\/a><br \/>\n<a href=\"http:\/\/www.schachclub-oberwinden.de\/download\/Bericht7R0304.pdf\" target=\"_blank\"><strong>7. Spieltag der Verbandsrunde 03\/04 (Elzt\u00e4ler Wochenbericht, 1. April 2004)<\/strong><\/a><br \/>\n<a href=\"http:\/\/www.schachclub-oberwinden.de\/download\/Bericht3R0304.pdf\" target=\"_blank\"><strong>1.-3. Spieltag der Verbandsrunde 03\/04 (Elzt\u00e4ler Wochenbericht, Januar 2004)<\/strong><\/a><\/p>\n<p><strong>&#8211; Saison 2002\/2003:<\/strong><\/p>\n<p><a href=\"http:\/\/www.schachclub-oberwinden.de\/download\/Bericht1R0203.pdf\" target=\"_blank\"><strong>1. Spieltag der Verbandsrunde 02\/03 (Elzt\u00e4ler Wochenbericht, 24.10.02)<\/strong><\/a><strong><br \/>\n<a href=\"http:\/\/www.schachclub-oberwinden.de\/download\/Bericht2R0203.pdf\" target=\"_blank\">2. Spieltag der Verbandsrunde 02\/03 (Elzt\u00e4ler Wochenbericht, 21.11.02)<\/a><br \/>\n<a href=\"http:\/\/www.schachclub-oberwinden.de\/download\/Bericht3R0203.pdf\" target=\"_blank\">3. Spieltag der Verbandsrunde 02\/03 (Elzt\u00e4ler Wochenbericht, 12.12.02)<\/a><br \/>\n<a href=\"http:\/\/www.schachclub-oberwinden.de\/download\/Bericht4R0203.pdf\" target=\"_blank\">4. Spieltag der Verbandsrunde 02\/03 (Elzt\u00e4ler Wochenbericht, 16.01.03)<\/a><br \/>\n<a href=\"http:\/\/www.schachclub-oberwinden.de\/download\/Bericht5R0203.pdf\" target=\"_blank\">5. Spieltag der Verbandsrunde 02\/03 (Elzt\u00e4ler Wochenbericht, 30.01.03)<\/a><br \/>\n<a href=\"http:\/\/www.schachclub-oberwinden.de\/download\/Bericht6R0203.pdf\" target=\"_blank\">6. Spieltag der Verbandsrunde 02\/03 (Elzt\u00e4ler Wochenbericht, 27.02.03)<\/a><br \/>\n<a href=\"http:\/\/www.schachclub-oberwinden.de\/download\/Bericht7R0203.pdf\" target=\"_blank\">7. Spieltag der Verbandsrunde 02\/03 (Elzt\u00e4ler Wochenbericht, 03.04.03)<\/a><br \/>\n<a href=\"http:\/\/www.schachclub-oberwinden.de\/download\/Bericht8R0203.pdf\" target=\"_blank\">8. Spieltag der Verbandsrunde 02\/03 (Elzt\u00e4ler Wochenbericht, 30.04.03)<\/a><br \/>\n<a href=\"http:\/\/www.schachclub-oberwinden.de\/download\/Bericht9R0203.pdf\" target=\"_blank\">9. Spieltag der Verbandsrunde 02\/03 (Elzt\u00e4ler Wochenbericht, 15.05.03)<\/a><\/strong><\/p>\n<p><a href=\"http:\/\/www.schachclub-oberwinden.de\/download\/OberwindenBezirksmeister.pdf\" target=\"_blank\"> Oberwinden Bezirksmeister! (Elzt\u00e4ler Wochenbericht, 22.05.03)<\/a><\/p>\n<p><a href=\"http:\/\/www.schachclub-oberwinden.de\/download\/badpokal_030622.pdf\" target=\"_blank\">Bad. Mannschaftspokal, Voranzeige 2. Runde (Elzt\u00e4ler Wochenbericht, 18.06.03) <\/a><\/p>\n<p><a href=\"http:\/\/www.schachclub-oberwinden.de\/download\/badpokal_030709.pdf\" target=\"_blank\">Bad. Mannschaftspokal, Viertelfinale erreicht<\/a> (&#8230;)<\/p>\n","protected":false},"excerpt":{"rendered":"<p>Badische Zeitung <\/p>\n<p>Erfolgreiche Oberwindener Denksportler Generalversammlung 2016 (Badische Zeitung, 22.07.16)<\/p>\n<p>Jetzt freut sich der Schachclub sehr auf das Dorffest Generalversammlung 2015 (Badische Zeitung, 05.08.15)<\/p>\n<p>Im Team geht\u2019s noch weiter Oberligaaufstieg 2014\/15 (Badische Zeitung, 18.06.15)<\/p>\n<p>F\u00fcnf Mannschaften genie\u00dfen Schach in vielen Z\u00fcgen Generalversammlung 2014 (Badische Zeitung, 29.07.14)<\/p>\n<p>Beifall f\u00fcr Oberwindens &#8222;Spasski&#8220; Generalversammlung 2012 (Badische Zeitung, 18.07.12)<\/p>\n<p> [&#8230;]<\/p>\n","protected":false},"author":1,"featured_media":0,"parent":0,"menu_order":0,"comment_status":"open","ping_status":"open","template":"","meta":{"footnotes":""},"class_list":["post-5","page","type-page","status-publish","hentry","odd"],"_links":{"self":[{"href":"https:\/\/www.schachclub-oberwinden.de\/wp3\/wp-json\/wp\/v2\/pages\/5","targetHints":{"allow":["GET"]}}],"collection":[{"href":"https:\/\/www.schachclub-oberwinden.de\/wp3\/wp-json\/wp\/v2\/pages"}],"about":[{"href":"https:\/\/www.schachclub-oberwinden.de\/wp3\/wp-json\/wp\/v2\/types\/page"}],"author":[{"embeddable":true,"href":"https:\/\/www.schachclub-oberwinden.de\/wp3\/wp-json\/wp\/v2\/users\/1"}],"replies":[{"embeddable":true,"href":"https:\/\/www.schachclub-oberwinden.de\/wp3\/wp-json\/wp\/v2\/comments?post=5"}],"version-history":[{"count":6,"href":"https:\/\/www.schachclub-oberwinden.de\/wp3\/wp-json\/wp\/v2\/pages\/5\/revisions"}],"predecessor-version":[{"id":7664,"href":"https:\/\/www.schachclub-oberwinden.de\/wp3\/wp-json\/wp\/v2\/pages\/5\/revisions\/7664"}],"wp:attachment":[{"href":"https:\/\/www.schachclub-oberwinden.de\/wp3\/wp-json\/wp\/v2\/media?parent=5"}],"curies":[{"name":"wp","href":"https:\/\/api.w.org\/{rel}","templated":true}]}}